 = -4*i + 112 - 32. What are the prime factors of i?
2, 5
Suppose 2*t + 5*x = 24, 4*t + 2*x + 2*x = 24. Suppose -t*w = -35 - 19. List the prime factors of w.
3
Let i = -46 + 50. Let s be (1 - 2)/(2/(-10)). What are the prime factors of (12 - 0) + (s - i)?
13
List the prime factors of 1 + -2 + 4 + -1 + 317.
11, 29
Suppose -2*l - 125 = -3*l. Suppose y - 35 = 5*f, 4*y - y + 5*f - l = 0. List the prime factors of y.
2, 5
Suppose 5*v - 3*d = 37, -5*v + 5*d - 31 = -76. Let h = v + -1. What are the prime factors of h?
2
List the prime factors of (1*8 + 1)*(-110)/(-3).
2, 3, 5, 11
Let n be 2/4 + (-46)/4. Let q be (-2)/n + (-546)/(-22). Suppose -q = -0*j - 5*j. What are the prime factors of j?
5
Suppose -4*a + 4 = 0, -5*i - 5*a = -12 - 13. Suppose -i*u - c + 11 = -12, -5*c = -5*u + 60. Let r(d) = 2*d - 10. List the prime factors of r(u).
2
Suppose 3*b = -2*b - 5. Let x be (b*4)/((-1)/2). Let h(t) = 2*t + 5. What are the prime factors of h(x)?
3, 7
Let v(j) = -15*j - 7. List the prime factors of v(-15).
2, 109
Let m(q) be the second derivative of q**5/20 - q**4/4 + q**3 - q**2 + 5*q. What are the prime factors of m(4)?
2, 19
Let v(q) = -14*q**3 + q**2 - 1. Suppose 2*d = 5*d + 3. What are the prime factors of v(d)?
2, 7
Suppose 0 = -0*s - 3*s + 9. Suppose 5*r + 2*h - 44 = 0, 4*h - 35 = -5*r + s. List the prime factors of r.
2, 5
Suppose -5*d - 4*b = -0*d - 65, 0 = -4*d - 4*b + 56. What are the prime factors of d?
3
Let j(t) = 4*t**2 - 2*t**2 + 0*t**2 - t**2 + t - 1. List the prime factors of j(3).
11
Let j(s) = -8*s - 7. Let w(i) = i. Let g(y) = -j(y) - 6*w(y). Let r be g(-8). What are the prime factors of 0 - 1*(2 + r)?
7
Let m = 278 + -164. What are the prime factors of m?
2, 3, 19
Let b(n) = -n**3 + 6*n**2 - 6*n - 4. Let l be b(5). Let k be (-4)/16 - l/4. Suppose s + k = 16. What are the prime factors of s?
2, 7
Let w(r) = 4*r**3 - 3*r**2 - 2*r - 3. Let f be w(3). Suppose 12 = -3*i, -4*h + 2*i + f = -3*i. List the prime factors of h.
13
Let q = -22 + 36. Suppose 0 = -0*d - d + q. What are the prime factors of d?
2, 7
Let c be -15*(32/(-12))/4. Suppose 7*m - c = 2*m. What are the prime factors of m?
2
Suppose 0*x + x - 2 = 0. Let p be 1/x*0 - 0. Suppose p = -2*j + j + m + 1, -5*m = -4*j + 3. List the prime factors of j.
2
Suppose -3*m = 2*m - 25. Suppose -q - 15 = -4*x, m*q = -5*x + 3*x + 35. Suppose 5*v - 4*g - 82 = -7*g, 2*v - 29 = -q*g. List the prime factors of v.
17
Let a(r) = -r**2 - 5*r + 5. Let k be a(-5). Let w be (-132)/(-10)*k/2. Suppose 0*j - 6 = 2*j + 4*n, 2*n = 5*j - w. What are the prime factors of j?
5
List the prime factors of (-478)/(-4) + ((-12)/8 - -3).
11
Let d(v) = 7 - v - 8 + 9*v. What are the prime factors of d(4)?
31
Let y = -2 - -3. What are the prime factors of y*(-5)/2*-2?
5
Let f be (-33)/(-7) + (-2)/(-7). Suppose -2*s + 11 = 3*h - 4*s, -2*s = 3*h + f. List the prime factors of -3 + h + 15 + -1.
2, 3
Suppose 2*x - 100 = -20. What are the prime factors of x?
2, 5
Let w be 33 - (-2)/(-6)*3. List the prime factors of 5*(w/10)/2.
2
Suppose 1 = g - 3. List the prime factors of 121/g + (-8)/32.
2, 3, 5
Suppose 0 = 5*y - 2*y + 21. Suppose 0 = -4*t, -3*r = -0*r - 4*t - 45. Let f = y + r. List the prime factors of f.
2
Suppose -5*m + 20 = 3*t, -20 = -2*t - 2*m - 3*m. Suppose 3*g + 18 - 51 = t. What are the prime factors of g?
11
Let x = 169 - 75. List the prime factors of x.
2, 47
Let w(x) = -x. Let d(a) = -1. Let o(p) = -4*p + 3. Let r(u) = 2*d(u) + o(u). Let q be r(1). What are the prime factors of w(q)?
3
Let q(s) = -s - 4. Let t be q(0). Let r(f) = f**3 + 6*f**2 + 7*f + 5. What are the prime factors of r(t)?
3
Let u(i) = -i**3 - 2*i**2 - 3*i - 3. Suppose -5*z + 3*l - 7*l = -5, 0 = 2*z - 2*l + 16. What are the prime factors of u(z)?
3, 5
Let n(d) = -5*d**2 + 5*d - 2. Let k be n(-4). Let b = -72 - k. What are the prime factors of b?
2, 3, 5
Suppose -3*r - 3*c = -24, -5*c = 4*r - 0*r - 30. Suppose 4*n - 18 = r. What are the prime factors of n?
7
Suppose 7 = 6*s - 11. What are the prime factors of 128/s + (-11)/(-33)?
43
Suppose 3*i + 20 = 107. What are the prime factors of i?
29
Let k be 12/18 + (-14)/(-6). Let t = k + 0. List the prime factors of t.
3
Suppose -4*w + 9 = -3*l, 4*w - 11 = -l + 2. Let p be (0 + -2)*(0 + l). List the prime factors of ((-27)/(-6))/((-1)/p).
3
List the prime factors of 17*(-1 - (-4 + 0)).
3, 17
Suppose -5*y + 0*y + 1400 = 0. Suppose -8*f + y = -3*f. Suppose 2*g + f = 6*g. What are the prime factors of g?
2, 7
Suppose -z + 2*z + 5*p - 33 = 0, 2*z = -2*p + 50. Suppose -3*u = -2*u - z. List the prime factors of u.
23
Let s = 93 - 64. What are the prime factors of s?
29
Let x(s) = -s + 5. Let r = 7 - 2. Let k be x(r). List the prime factors of -21*(k + 2/(-6)).
7
List the prime factors of (-4)/24*2 - (-1364)/6.
227
Suppose 0 = -5*l + 16 + 14. Suppose 146 = 6*c + 38. Let b = c - l. What are the prime factors of b?
2, 3
Let x = -167 - -177. What are the prime factors of x?
2, 5
Let z(t) = 2 + 9*t**2 - t - 7*t**2 - 2*t. Let c be z(2). Let v = c + 0. List the prime factors of v.
2
Let t = 14 + 134. List the prime factors of t.
2, 37
Suppose 0 = 4*z - 42 - 82. What are the prime factors of z?
31
Suppose -4*u = w + 23, u - 7 = 3*w - 3. Let n(z) = -z**3 - z**2 + 5*z - 3. Let i be n(3). List the prime factors of (i/15)/1*u.
2
Let u be 5*4/10 - -3. Suppose -3*o = -u - 4, -3*f - 2*o = -99. List the prime factors of f.
31
Let p = 2 - 5. Let s = 4 + p. Suppose 3*b - 6 = 2*x + s, -4*b + 2*x + 12 = 0. List the prime factors of b.
5
Let u(s) = s**3 + 8*s**2 - 19*s + 6. List the prime factors of u(-9).
2, 3
Suppose -5*k + 124 = -516. What are the prime factors of k?
2
Let d(n) = n**3 + 2*n**2 - 2*n + 4. Let w be d(-3). Let h be 50/4 + w/2. Suppose b = -4 + h. What are the prime factors of b?
3
Let a = 60 - -71. What are the prime factors of a?
131
Suppose -105 = -0*l - 3*l. What are the prime factors of l?
5, 7
Let b = -378 - -675. List the prime factors of b.
3, 11
Let i(c) be the third derivative of -c**4/8 - 3*c**3/2 + 2*c**2. What are the prime factors of i(-7)?
2, 3
Let p be (1/2)/((-1)/(-10)). Suppose 2*u + 16 = -4*g, p*u + 3*g + 8 = -11. Let q = u + 7. What are the prime factors of q?
5
Suppose -3*n + 90 = 39. List the prime factors of n.
17
What are the prime factors of 48/112 + 361/7?
2, 13
Let o = -16 - -9. Let s(y) = y + 8. Let a be s(o). List the prime factors of (-2 + a)*-3*5.
3, 5
Let d = -106 + 180. List the prime factors of d.
2, 37
Suppose 5*w - 3*b - 12 = 0, -w - 5*b - 20 = 4*w. Suppose -2*d + d - 6 = w. Let r = d + 18. List the prime factors of r.
2, 3
Suppose b + 0 = 1. Suppose 0 = u + b - 15. What are the prime factors of u?
2, 7
Let a = 12 + -8. What are the prime factors of 904/32 + (-1)/a?
2, 7
Suppose -2*d = -5 - 19. Let x = d + -6. Suppose -4*t = -5*c, 2*t - c - x = -0. List the prime factors of t.
5
Let b = 11 - 7. Suppose 0 = n - b*d - 28, -n = 4*n + 4*d - 44. List the prime factors of n.
2, 3
Let z(r) = -r**3 - 7*r**2 - 8*r - 7. Let f be z(-6). Suppose 4*q + 115 = -f*b, 0 = -2*b + q - 36 + 3. List the prime factors of (3 - b) + -3 + -2.
17
Let g be (2/3)/((-4)/(-18)). Let u(x) = -x**2 + 7. Let w be u(0). Let i = w - g. List the prime factors of i.
2
Let x(d) = -d**2 + 8*d + 7. Let i be x(8). List the prime factors of i*6/(-7)*-1.
2, 3
Let u(i) = 3*i - 5. Let f be u(4). What are the prime factors of (-3 + f)*(3 + 1)?
2
Suppose 0 = -3*g - 10 - 2, 40 = -3*j - 4*g. Let y(a) = a**3 + 8*a**2 + 10. What are the prime factors of y(j)?
2, 5
Let c = 31 + 30. List the prime factors of c.
61
Let s be 28/8 + 3/6. Let d(r) = -4*r + 1. Let p be d(-2). What are the prime factors of p/s + (-3)/12?
2
Let z = 5 - -13. Suppose 5*h = -d + 31, 2*h - z = 3*d - 2*d. What are the prime factors of h?
7
Let a(s) = -20*s - 28. List the prime factors of a(-4).
2, 13
List the prime factors of -1 + -1 - (1 - 1 - 239).
3, 79
Suppose -2*f + 786 - 126 = 0. List the prime factors of f.
2, 3, 5, 11
Let b = -6 + -6. Let u = b - -21. List the prime factors of u.
3
Suppose 2*k = k - 11. Let f = k + 21. Let d = 18 - f. What are the prime factors of d?
2
Let j(o) = 5*o**3 - 2*o**2 + 2*o - 1. Let y be j(1). Suppose 0*n + n - 16 = -2*h, -y*h - 3*n = -32. List the prime factors of h.
2
Let m(w) = -w**2 + 6*w - 5. Let h be m(7). Let 